{"version":"1.0","provider_name":"GAD parroquial Abd\u00f3n Calder\u00f3n","provider_url":"https:\/\/gpabdoncalderon.gob.ec\/azuay","title":"Asignaci\u00f3n presupuestaria 2018 - GAD parroquial Abd\u00f3n Calder\u00f3n","type":"rich","width":600,"height":338,"html":"<blockquote class=\"wp-embedded-content\" data-secret=\"uahgWElcr1\"><a href=\"https:\/\/gpabdoncalderon.gob.ec\/azuay\/asignacion-presupuestaria-2018\/\">Asignaci\u00f3n presupuestaria 2018<\/a><\/blockquote><iframe sandbox=\"allow-scripts\" security=\"restricted\" src=\"https:\/\/gpabdoncalderon.gob.ec\/azuay\/asignacion-presupuestaria-2018\/embed\/#?secret=uahgWElcr1\" width=\"600\" height=\"338\" title=\"\u00abAsignaci\u00f3n presupuestaria 2018\u00bb \u2014 GAD parroquial Abd\u00f3n Calder\u00f3n\" data-secret=\"uahgWElcr1\" frameborder=\"0\" marginwidth=\"0\" marginheight=\"0\" scrolling=\"no\" class=\"wp-embedded-content\"><\/iframe><script type=\"text\/javascript\">\n\/* <![CDATA[ *\/\n\/*! This file is auto-generated *\/\n!function(d,l){\"use strict\";l.querySelector&&d.addEventListener&&\"undefined\"!=typeof URL&&(d.wp=d.wp||{},d.wp.receiveEmbedMessage||(d.wp.receiveEmbedMessage=function(e){var t=e.data;if((t||t.secret||t.message||t.value)&&!\/[^a-zA-Z0-9]\/.test(t.secret)){for(var s,r,n,a=l.querySelectorAll('iframe[data-secret=\"'+t.secret+'\"]'),o=l.querySelectorAll('blockquote[data-secret=\"'+t.secret+'\"]'),c=new RegExp(\"^https?:$\",\"i\"),i=0;i<o.length;i++)o[i].style.display=\"none\";for(i=0;i<a.length;i++)s=a[i],e.source===s.contentWindow&&(s.removeAttribute(\"style\"),\"height\"===t.message?(1e3<(r=parseInt(t.value,10))?r=1e3:~~r<200&&(r=200),s.height=r):\"link\"===t.message&&(r=new URL(s.getAttribute(\"src\")),n=new URL(t.value),c.test(n.protocol))&&n.host===r.host&&l.activeElement===s&&(d.top.location.href=t.value))}},d.addEventListener(\"message\",d.wp.receiveEmbedMessage,!1),l.addEventListener(\"DOMContentLoaded\",function(){for(var e,t,s=l.querySelectorAll(\"iframe.wp-embedded-content\"),r=0;r<s.length;r++)(t=(e=s[r]).getAttribute(\"data-secret\"))||(t=Math.random().toString(36).substring(2,12),e.src+=\"#?secret=\"+t,e.setAttribute(\"data-secret\",t)),e.contentWindow.postMessage({message:\"ready\",secret:t},\"*\")},!1)))}(window,document);\n\/\/# sourceURL=https:\/\/gpabdoncalderon.gob.ec\/azuay\/wp-includes\/js\/wp-embed.min.js\n\/* ]]> *\/\n<\/script>\n","description":"La \u00faltima asignaci\u00f3n presupuestaria asignada a la Parroquia Abd\u00f3n Calder\u00f3n seg\u00fan el acuerdo Ministerial de septiembre 2018. El presupuesto est\u00e1 en la p\u00e1gina 15. En el a\u00f1o 2019, todos los GADs est\u00e1n con presupuesto prorrogado por lo que la asignaci\u00f3n es la que consta en el acuerdo ministerial del 31-05-2017.ACUERDO MINISTERIAL 005 31MAY2017 ASIGNACION 2017 [&hellip;]"}

GAD parroquial Abdón Calderón

Asignación presupuestaria 2018 - GAD parroquial Abdón Calderón

<blockquote class="wp-embedded-content" data-secret="uahgWElcr1"><a href="https://gpabdoncalderon.gob.ec/azuay/asignacion-presupuestaria-2018/">Asignación presupuestaria 2018</a></blockquote><iframe sandbox="allow-scripts" security="restricted" src="https://gpabdoncalderon.gob.ec/azuay/asignacion-presupuestaria-2018/embed/#?secret=uahgWElcr1" width="600" height="338" title="«Asignación presupuestaria 2018» — GAD parroquial Abdón Calderón" data-secret="uahgWElcr1" frameborder="0" marginwidth="0" marginheight="0" scrolling="no" class="wp-embedded-content"></iframe><script type="text/javascript">
/* <![CDATA[ */
/*! This file is auto-generated */
!function(d,l){"use strict";l.querySelector&&d.addEventListener&&"undefined"!=typeof URL&&(d.wp=d.wp||{},d.wp.receiveEmbedMessage||(d.wp.receiveEmbedMessage=function(e){var t=e.data;if((t||t.secret||t.message||t.value)&&!/[^a-zA-Z0-9]/.test(t.secret)){for(var s,r,n,a=l.querySelectorAll('iframe[data-secret="'+t.secret+'"]'),o=l.querySelectorAll('blockquote[data-secret="'+t.secret+'"]'),c=new RegExp("^https?:$","i"),i=0;i<o.length;i++)o[i].style.display="none";for(i=0;i<a.length;i++)s=a[i],e.source===s.contentWindow&&(s.removeAttribute("style"),"height"===t.message?(1e3<(r=parseInt(t.value,10))?r=1e3:~~r<200&&(r=200),s.height=r):"link"===t.message&&(r=new URL(s.getAttribute("src")),n=new URL(t.value),c.test(n.protocol))&&n.host===r.host&&l.activeElement===s&&(d.top.location.href=t.value))}},d.addEventListener("message",d.wp.receiveEmbedMessage,!1),l.addEventListener("DOMContentLoaded",function(){for(var e,t,s=l.querySelectorAll("iframe.wp-embedded-content"),r=0;r<s.length;r++)(t=(e=s[r]).getAttribute("data-secret"))||(t=Math.random().toString(36).substring(2,12),e.src+="#?secret="+t,e.setAttribute("data-secret",t)),e.contentWindow.postMessage({message:"ready",secret:t},"*")},!1)))}(window,document);
//# sourceURL=https://gpabdoncalderon.gob.ec/azuay/wp-includes/js/wp-embed.min.js
/* ]]> */
</script>

La última asignación presupuestaria asignada a la Parroquia Abdón Calderón según el acuerdo Ministerial de septiembre 2018. El presupuesto está en la página 15. En el año 2019, todos los GADs están con presupuesto prorrogado por lo que la asignación es la que consta en el acuerdo ministerial del 31-05-2017.ACUERDO MINISTERIAL 005 31MAY2017 ASIGNACION 2017 [&hellip;]
